{"id":63,"date":"2012-10-25T11:30:07","date_gmt":"2012-10-25T09:30:07","guid":{"rendered":"http:\/\/www.ablonczy.hu\/?page_id=63"},"modified":"2021-07-13T11:51:36","modified_gmt":"2021-07-13T09:51:36","slug":"bemutatkozas","status":"publish","type":"page","link":"http:\/\/www.ablonczy.hu\/epitoipar\/","title":{"rendered":"Bemutatkoz\u00e1s"},"content":{"rendered":"<h1>Tisztelt Partnereink!<\/h1>\n<p style=\"text-align: justify;\">Az \u00e9p\u00edtkez\u00e9s, vagy a lak\u00e1sfel\u00faj\u00edt\u00e1s utols\u00f3, de minden ember sz\u00e1m\u00e1ra tal\u00e1n legfontosabb mozzanata, a dekor\u00e1ci\u00f3s bevonat k\u00e9pz\u00e9s, h\u00e9tk\u00f6znapi nev\u00e9n a sz\u00ednez\u00e9s.<\/p>\n<p>C\u00e9g\u00fcnk, az ABLONCZY Vegyiterm\u00e9k Technikai Kft., seg\u00edts\u00e9get szeretne ny\u00fajtani abban, hogy e nagy felel\u0151ss\u00e9ggel j\u00e1r\u00f3 feladat megold\u00e1sa min\u00e9l k\u00f6nnyebb, t\u00f6k\u00e9letesebb legyen, hogy azt\u00e1n a v\u00e9geredm\u00e9ny mindenki megel\u00e9ged\u00e9s\u00e9t szolg\u00e1lja. A kiv\u00e1lasztott sz\u00ednek t\u00fckr\u00f6zik a felhaszn\u00e1l\u00f3 \u00edzl\u00e9s vil\u00e1g\u00e1t, otthon\u00e1nak hangulat\u00e1t, harm\u00f3ni\u00e1j\u00e1t. A v\u00e1laszt\u00e1s nem egyszer\u0171, hiszen d\u00f6nt\u00e9s\u00fcnk hossz\u00fa-hossz\u00fa \u00e9vekre sz\u00f3l.<\/p>\n<p style=\"text-align: justify;\">Ehhez az izgalmas d\u00f6nt\u00e9shez k\u00edn\u00e1ljuk term\u00e9k- \u00e9s sz\u00ednpalett\u00e1nkat, melyek a legkorszer\u0171bb \u00e9s hagyom\u00e1nyos anyagok fel haszn\u00e1l\u00e1s\u00e1val k\u00e9sz\u00fclnek, \u00edgy hossz\u00fa id\u0151n kereszt\u00fcl megfelelnek az elv\u00e1r\u00e1soknak.<\/p>\n<p style=\"text-align: justify;\">Szakember g\u00e1rd\u00e1nk folyamatos fejleszt\u00e9seinkkel azon f\u00e1radozik, hogy term\u00e9keinkkel \u00e9p\u00edt\u0151 \u00e9s \u00e9p\u00edttet\u0151 maxim\u00e1lisan meg legyen el\u00e9gedve. Kutat\u00e1saink nemcsak a m\u0171szaki t\u00f6k\u00e9letess\u00e9get, hanem a gazdas\u00e1goss\u00e1g n\u00f6vel\u00e9s\u00e9t is c\u00e9lozz\u00e1k.<\/p>\n<p style=\"text-align: justify;\">Alapelvnek tartjuk, hogy term\u00e9keink kiemelked\u0151en j\u00f3 \u00e1r-min\u0151s\u00e9g ar\u00e1nyt k\u00e9pviseljenek, k\u00f6nny\u0171 v\u00e1laszt\u00e1s el\u00e9 \u00e1ll\u00edtva ezzel m\u00e1r megl\u00e9v\u0151 \u00e9s j\u00f6v\u0151beli partnereinket.<\/p>\n<p><em>Ablonczy Attila<br \/>\nTulajdonos \u00fcgyvezet\u0151<\/em><\/p>\n","protected":false},"excerpt":{"rendered":"<p>Tisztelt Partnereink! Az \u00e9p\u00edtkez\u00e9s, vagy a lak\u00e1sfel\u00faj\u00edt\u00e1s utols\u00f3, de minden ember sz\u00e1m\u00e1ra tal\u00e1n legfontosabb mozzanata, a dekor\u00e1ci\u00f3s bevonat k\u00e9pz\u00e9s, h\u00e9tk\u00f6znapi nev\u00e9n a sz\u00ednez\u00e9s. C\u00e9g\u00fcnk, az&hellip;<\/p>\n","protected":false},"author":2,"featured_media":0,"parent":0,"menu_order":0,"comment_status":"closed","ping_status":"open","template":"","meta":[],"_links":{"self":[{"href":"http:\/\/www.ablonczy.hu\/epitoipar\/wp-json\/wp\/v2\/pages\/63"}],"collection":[{"href":"http:\/\/www.ablonczy.hu\/epitoipar\/wp-json\/wp\/v2\/pages"}],"about":[{"href":"http:\/\/www.ablonczy.hu\/epitoipar\/wp-json\/wp\/v2\/types\/page"}],"author":[{"embeddable":true,"href":"http:\/\/www.ablonczy.hu\/epitoipar\/wp-json\/wp\/v2\/users\/2"}],"replies":[{"embeddable":true,"href":"http:\/\/www.ablonczy.hu\/epitoipar\/wp-json\/wp\/v2\/comments?post=63"}],"version-history":[{"count":21,"href":"http:\/\/www.ablonczy.hu\/epitoipar\/wp-json\/wp\/v2\/pages\/63\/revisions"}],"predecessor-version":[{"id":872,"href":"http:\/\/www.ablonczy.hu\/epitoipar\/wp-json\/wp\/v2\/pages\/63\/revisions\/872"}],"wp:attachment":[{"href":"http:\/\/www.ablonczy.hu\/epitoipar\/wp-json\/wp\/v2\/media?parent=63"}],"curies":[{"name":"wp","href":"https:\/\/api.w.org\/{rel}","templated":true}]}}